DROP DATABASE IF EXISTS godrive;
CREATE DATABASE godrive DEFAULT CHARACTER SET utf8 COLLATE utf8_hungarian_ci;
USE godrive;
CREATE TABLE ugyfel (id INT, nev VARCHAR(50), varos VARCHAR(50), szul_ev INT);
CREATE TABLE auto (id INT, rendszam VARCHAR(10), marka VARCHAR(20), tipus VARCHAR(20), kategoria VARCHAR(20), napidij INT, ev INT);
CREATE TABLE kolcsonzes (id INT, auto_id INT, ugyfel_id INT, elvitel DATE, visszahozatal DATE);
INSERT INTO ugyfel VALUES (1, 'Kovács Anna', 'Budapest', 1990);
INSERT INTO ugyfel VALUES (2, 'Nagy Béla', 'Debrecen', 1985);
INSERT INTO ugyfel VALUES (3, 'Szabó Éva', 'Pécs', 1992);
INSERT INTO ugyfel VALUES (4, 'Tóth János', 'Budapest', 1980);
INSERT INTO ugyfel VALUES (5, 'Kiss Péter', 'Szeged', 1995);
INSERT INTO ugyfel VALUES (6, 'Varga Judit', 'Győr', 1988);
INSERT INTO ugyfel VALUES (7, 'Horváth Gábor', 'Budapest', 1975);
INSERT INTO ugyfel VALUES (8, 'Molnár Dóra', 'Sopron', 2000);
INSERT INTO auto VALUES (1, 'ABC-123', 'Ford', 'Focus', 'Alsóközép', 12000, 2018);
INSERT INTO auto VALUES (2, 'DEF-456', 'Opel', 'Astra', 'Alsóközép', 11500, 2019);
INSERT INTO auto VALUES (3, 'GHI-789', 'Suzuki', 'Vitara', 'SUV', 15000, 2020);
INSERT INTO auto VALUES (4, 'JKL-012', 'Toyota', 'Yaris', 'Kisautó', 9000, 2017);
INSERT INTO auto VALUES (5, 'MNO-345', 'BMW', 'X5', 'Luxus', 45000, 2021);
INSERT INTO auto VALUES (6, 'PQR-678', 'Audi', 'A6', 'Luxus', 40000, 2020);
INSERT INTO auto VALUES (7, 'STU-901', 'Ford', 'Mondeo', 'Közép', 18000, 2018);
INSERT INTO auto VALUES (8, 'VWX-234', 'Kia', 'Ceed', 'Alsóközép', 13000, 2022);
INSERT INTO kolcsonzes VALUES (1, 1, 1, '2023-01-05', '2023-01-08');
INSERT INTO kolcsonzes VALUES (2, 2, 2, '2023-02-10', '2023-02-15');
INSERT INTO kolcsonzes VALUES (3, 5, 5, '2023-03-01', '2023-03-02');
INSERT INTO kolcsonzes VALUES (4, 3, 1, '2023-04-10', '2023-04-17');
INSERT INTO kolcsonzes VALUES (5, 4, 3, '2023-05-20', '2023-05-25');
INSERT INTO kolcsonzes VALUES (6, 1, 4, '2023-06-01', '2023-06-10');
INSERT INTO kolcsonzes VALUES (7, 2, 5, '2023-07-15', '2023-07-20');
INSERT INTO kolcsonzes VALUES (8, 6, 2, '2023-08-01', '2023-08-03');
INSERT INTO kolcsonzes VALUES (9, 3, 1, '2023-09-10', '2023-09-12');
INSERT INTO kolcsonzes VALUES (10, 8, 8, '2023-10-01', '2023-10-05');
INSERT INTO kolcsonzes VALUES (11, 5, 4, '2023-11-10', '2023-11-15');
INSERT INTO kolcsonzes VALUES (12, 1, 6, '2023-12-01', '2023-12-05');